{"id":2430,"date":"2021-05-16T08:03:15","date_gmt":"2021-05-16T08:03:15","guid":{"rendered":"https:\/\/architekturpsychologie.net\/?page_id=2430"},"modified":"2025-09-23T10:24:43","modified_gmt":"2025-09-23T08:24:43","slug":"anmeldeformular","status":"publish","type":"page","link":"https:\/\/architekturpsychologie.net\/?page_id=2430","title":{"rendered":"ANMELDUNG"},"content":{"rendered":"\t\t<div data-elementor-type=\"wp-page\" data-elementor-id=\"2430\" class=\"elementor elementor-2430\">\n\t\t\t\t\t\t\t\t\t<section class=\"elementor-section elementor-top-section elementor-element elementor-element-554b981 elementor-section-boxed elementor-section-height-default elementor-section-height-default\" data-id=\"554b981\" data-element_type=\"section\">\n\t\t\t\t\t\t<div class=\"elementor-container elementor-column-gap-default\">\n\t\t\t\t\t<div class=\"elementor-column elementor-col-100 elementor-top-column elementor-element elementor-element-0e21fd9\" data-id=\"0e21fd9\" data-element_type=\"column\">\n\t\t\t<div class=\"elementor-widget-wrap elementor-element-populated\">\n\t\t\t\t\t\t\t\t<div class=\"elementor-element elementor-element-bef3930 elementor-widget elementor-widget-text-editor\" data-id=\"bef3930\" data-element_type=\"widget\" data-widget_type=\"text-editor.default\">\n\t\t\t\t<div class=\"elementor-widget-container\">\n\t\t\t\t\t\t\t<div><p><span style=\"font-size: 24pt;\"><strong>A N M E L D U N G\u00a0<\/strong><\/span><strong style=\"font-size: 18pt;\">ARCHITEKTUR PSYCHOLOGIE SEMINARE<\/strong><\/p><p>www.architekturpsychologie.net<\/p><p>info@architekturpsychologie.net<\/p><p>+49 171 757 65 63<\/p><p>Bitte Formular ausdrucken, ausf\u00fcllen und postalisch oder gescannt per Mail zur\u00fcck an: info@architekturpsychologie.net\u00a0<\/p><p>Die Preise gelten pro Teilnehmer\/in. Mindestteilnehmerzahl: 3.\u00a0<\/p><p>Die gesetzliche MwSt. wird jeweils hinzugerechnet.<\/p><p>Bitte w\u00e4hlen Sie aus:<\/p><p><span style=\"font-size: 14pt;\"><strong>\u2610<\/strong><\/span>\u00a0Kurz-Seminar, zweist\u00fcndig \u20ac 100,-\u00a0<\/p><p><span style=\"font-size: 14pt;\"><strong>\u2610<\/strong><\/span> 1 Tages-Seminar \u20ac 295,- \u00a0\u2610 Skript \u20ac 50,- \u2610 Teilnahmebest\u00e4tigung \u20ac 25,-<\/p><p><span style=\"font-size: 14pt;\"><b>\u2610<\/b><\/span>\u00a02 Tages-Seminar \u20ac 590,- \u00a0\u2610 Skript \u20ac 50,- \u2610 Teilnahmebest\u00e4tigung \u20ac 25,-\u00a0<\/p><\/div><p><b style=\"font-size: 18.666666px;\">\u2610<\/b><span style=\"font-size: 12pt;\">\u00a04 Tages-Seminar \u20ac 995,- \u00a0\u2610 Skript \u20ac 50,- \u2610 Teilnahmebest\u00e4tigung \u20ac 25,-<\/span><\/p><p>\u00a0<\/p><p><span style=\"font-size: 14pt;\"><strong>\u2610<\/strong><\/span>\u00a0B2B Tages-Seminar \u20ac 1800,- \u00a0\u2610 Skript \u20ac 50,- \u2610 Teilnahmebest\u00e4tigung \u20ac 25,-<\/p><p><span style=\"font-size: 14pt;\"><strong>\u2610<\/strong><\/span>\u00a0B2B zweist\u00fcndiger Vortrag \u00a0\u20ac 800,- \u00a0\u2610 Skript \u20ac 50,- \u2610 Teilnahmebest\u00e4tigung \u20ac 25,-<\/p><p>Bei B2B und Inhouse-Seminaren werden die Reisekosten zus\u00e4tzlich berechnet.<\/p><div><p>Eine Weiterbildung der privaten Heidrun Reusch Akademie<\/p><p>\u2026\u2026\u2026\u2026\u2026\u2026\u2026\u2026\u2026\u2026\u2026\u2026\u2026\u2026\u2026\u2026\u2026\u2026\u2026\u2026\u2026\u2026\u2026\u2026\u2026\u2026\u2026\u2026\u2026\u2026\u2026\u2026\u2026\u2026\u2026\u2026\u2026\u2026\u2026\u2026\u2026\u2026\u2026\u2026..<\/p><p>Name \u2013 Herr \/ Frau Vorname<\/p><p>\u2026\u2026\u2026\u2026\u2026\u2026\u2026\u2026\u2026\u2026\u2026\u2026\u2026\u2026\u2026\u2026\u2026\u2026\u2026\u2026\u2026\u2026\u2026\u2026\u2026\u2026\u2026\u2026\u2026\u2026\u2026\u2026\u2026\u2026\u2026\u2026\u2026\u2026\u2026\u2026\u2026\u2026\u2026\u2026..<\/p><p>geboren am geboren in\u00a0(nach DSGVO freiwillig)<\/p><p>\u2026\u2026\u2026\u2026\u2026\u2026\u2026\u2026\u2026\u2026\u2026\u2026\u2026\u2026\u2026\u2026\u2026\u2026\u2026\u2026\u2026\u2026\u2026\u2026\u2026\u2026\u2026\u2026\u2026\u2026\u2026\u2026\u2026\u2026\u2026\u2026\u2026\u2026\u2026\u2026\u2026\u2026\u2026\u2026..<\/p><p>Stra\u00dfe PLZ \/ Wohnort\u00a0(nach DSGVO freiwillig)<\/p><p>\u2026\u2026\u2026\u2026\u2026\u2026\u2026\u2026\u2026\u2026\u2026\u2026\u2026\u2026\u2026\u2026\u2026\u2026\u2026\u2026\u2026\u2026\u2026\u2026\u2026\u2026\u2026\u2026\u2026\u2026\u2026\u2026\u2026\u2026\u2026\u2026\u2026\u2026\u2026\u2026\u2026\u2026\u2026\u2026..<\/p><p>Telefon\/privat Mobil\/privat<\/p><p>\u2026\u2026\u2026\u2026\u2026\u2026\u2026\u2026\u2026\u2026\u2026\u2026\u2026\u2026\u2026\u2026\u2026\u2026\u2026\u2026\u2026\u2026\u2026\u2026\u2026\u2026\u2026\u2026\u2026\u2026\u2026\u2026\u2026\u2026\u2026\u2026\u2026\u2026\u2026\u2026\u2026\u2026\u2026\u2026..<\/p><p>E-Mail\/privat<\/p><p>Bei Firmenanmeldung:<\/p><p>\u2026\u2026\u2026\u2026\u2026\u2026\u2026\u2026\u2026\u2026\u2026\u2026\u2026\u2026\u2026\u2026\u2026\u2026\u2026\u2026\u2026\u2026\u2026\u2026\u2026\u2026\u2026\u2026\u2026\u2026\u2026\u2026\u2026\u2026\u2026\u2026\u2026\u2026\u2026\u2026\u2026\u2026\u2026\u2026..<\/p><p>Firma Ansprechpartner\/-in<\/p><p>\u2026\u2026\u2026\u2026\u2026\u2026\u2026\u2026\u2026\u2026\u2026\u2026\u2026\u2026\u2026\u2026\u2026\u2026\u2026\u2026\u2026\u2026\u2026\u2026\u2026\u2026\u2026\u2026\u2026\u2026\u2026\u2026\u2026\u2026\u2026\u2026\u2026\u2026\u2026\u2026\u2026\u2026\u2026\u2026..<\/p><p>Stra\u00dfe PLZ \/ Ort (nach DSGVO freiwillig)\u00a0<\/p><p>\u2026\u2026\u2026\u2026\u2026\u2026\u2026\u2026\u2026\u2026\u2026\u2026\u2026\u2026\u2026\u2026\u2026\u2026\u2026\u2026\u2026\u2026\u2026\u2026\u2026\u2026\u2026\u2026\u2026\u2026\u2026\u2026\u2026\u2026\u2026\u2026\u2026\u2026\u2026\u2026\u2026\u2026\u2026\u2026..<\/p><p>Branche des Unternehmens derzeitige Stellung im Betrieb<\/p><p>\u2026\u2026\u2026\u2026\u2026\u2026\u2026\u2026\u2026\u2026\u2026\u2026\u2026\u2026\u2026\u2026\u2026\u2026\u2026\u2026\u2026\u2026\u2026\u2026\u2026\u2026\u2026\u2026\u2026\u2026\u2026\u2026\u2026\u2026\u2026\u2026\u2026\u2026\u2026\u2026\u2026\u2026\u2026\u2026..<\/p><p>Telefon\/Gesch\u00e4ft\u00a0<\/p><p>\u2026\u2026\u2026\u2026\u2026\u2026\u2026\u2026\u2026\u2026\u2026\u2026\u2026\u2026\u2026\u2026\u2026\u2026\u2026\u2026\u2026\u2026\u2026\u2026\u2026\u2026\u2026\u2026\u2026\u2026\u2026\u2026\u2026\u2026\u2026\u2026\u2026\u2026\u2026\u2026\u2026\u2026\u2026\u2026..<\/p><p>E-Mail\/Gesch\u00e4ft<\/p><p>Rechnung an Firma \u2013 hierzu ist im Feld \u2018Unterschrift\u2019 der Firmenstempel und Unterschrift<\/p><p>des Zeichnungsberechtigten notwendig.<\/p><\/div><div><p>Eventuelle Materialkosten werden -nach vorheriger Abstimmung- und Bedarf gesondert abgerechnet.<\/p><p>Bitte ankreuzen:<\/p><p><strong>\u2610<\/strong>\u00a0Gesamtrechnung<\/p><p><strong>\u2610<\/strong>\u00a0Ratenvertrag (Bearbeitungsgeb\u00fchr \u20ac 50,00 und Bankbest\u00e4tigung)<\/p><p>Der Ratenzahlungsvertrag kommt nur mit der Erteilung einer Einzugserm\u00e4chtigung zustande.<\/p><p>\u00dcber die H\u00f6he und F\u00e4lligkeiten erhalten Sie einen gesonderten Vertrag zugesandt.<\/p><p>Ihre Anmeldung ist vorbehaltlich der Durchf\u00fchrung des Seminars \/ Kurses.<\/p><p>Die Teilnahmebedingungen f\u00fcr die Weiterbildungs-Seminare \/ -Kurse habe ich ausgedruckt und gelesen und erkenne<\/p><p>diese mit meiner verbindlichen Anmeldung als Vertragsbestandteil an.<\/p><p>\u2026\u2026\u2026\u2026\u2026\u2026\u2026\u2026\u2026\u2026\u2026\u2026\u2026\u2026\u2026\u2026\u2026\u2026\u2026\u2026\u2026\u2026\u2026\u2026\u2026\u2026\u2026\u2026\u2026\u2026\u2026\u2026\u2026\u2026\u2026\u2026\u2026\u2026\u2026\u2026\u2026\u2026\u2026\u2026\u2026\u2026\u2026\u2026\u2026\u2026\u2026\u2026\u2026\u2026\u2026\u2026\u2026\u2026\u2026\u2026\u2026\u2026\u2026..<\/p><p>Ort \/ Datum \/ Unterschrift<\/p><p><strong>Allgemeine Teilnahmebedingungen\u00a0<\/strong>der<strong> Architekturpsychologie-Seminare<\/strong><\/p><p>(Stand: 24. August 2025)<\/p><p><strong>1. Anwendungsbereich dieser Seminare<\/strong><\/p><p>Diese Bedingungen gelten f\u00fcr alle Seminare, die von der Architekturpsychologie-Seminare auf der Website\u00a0unter https:\/\/www.architekturpsychologie.net\/ angeboten werden.<\/p><p><strong>2. Anmeldung und Vertragsabschluss<\/strong><\/p><p>(1) Die Anmeldung zum Seminar Architekturpsychologie bedarf der Textform auf den hierf\u00fcr vorgesehenen Formularen.<\/p><p>(2) Mit der Anmeldung erkennen die TeilnehmerInnen diese Seminar-Bedingungen an.<\/p><p>(3) Nach der Anmeldung erh\u00e4lt der Interessent eine Anmeldebest\u00e4tigung (z.B. per E-Mail).\u00a0<\/p><p>(4) Der Vertrag kommt zwischen der Architekturpsychologie-Seminare und dem\/der in der Anmeldung genannten TeilnehmerIn zustande. Meldet der Interessent\/die Interessentin zul\u00e4ssigerweise eine\/n Dritten (z. B. Mitarbeiter) f\u00fcr ein Seminar an, gelten die Bedingungen auch f\u00fcr diese\/n TeilnehmerIn.<\/p><p>Der Vertragspartner der Architekturpsychologie-Seminare ist in diesem Fall verpflichtet, seine\/n entsendeten Teilnehmer \u00fcber diese Seminar-Bedingungen in Kenntnis zu setzen.<\/p><p>(5) W\u00e4hrend des Seminars ist das Fotografieren des projizierten Pr\u00e4sentationsinhaltes aus urheberrechtlichen Gr\u00fcnden nicht gestattet.<\/p><p>(6) Die Location und die Termine werden grunds\u00e4tzlich von der Seminarleitung entschieden und fr\u00fchestm\u00f6glich bekannt gegeben. Stellt diese w\u00e4hrend der Seminare mehrere zur Auswahl, entscheidet die Mehrheit der TeilnehmerInnen.<\/p><p>(7) Der\/Die TeilnehmerIn stimmt dem Fotografieren und Ver\u00f6ffentlichen\u00a0seiner\/ihrer Person und den erstellten Entw\u00fcrfen\u00a0in den \u201csocial medias\u201d aus Werbezwecken f\u00fcr die Architekturpsychologie-Seminare zu. Bei Nichtzustimmung gibt er\/sie bei Seminarbeginn Bescheid.<\/p><p>(8) Der\/Die VertragspartnerIn best\u00e4tigt, dass er\/sie innerhalb der folgenden f\u00fcnf Jahre nach Beenden des Kurses kein Konkurrenzunternehmen zur Architekturpsychologie-Seminare f\u00fchren wird.<\/p><p><strong>3. Seminar Kosten und F\u00e4lligkeit<\/strong><\/p><p>(1) Die Seminar Kosten sind unabh\u00e4ngig von den Leistungen Dritter vom\/von dem\/der TeilnehmerIn zu zahlen.<\/p><p>(2) Die Seminar Kosten (und die eventuellen Kosten f\u00fcr Skript, Abschlusstest, Abschlusspr\u00fcfung und Zertifikat) sind nach Erhalt der Rechnung, sp\u00e4testens mit Seminar Beginn, f\u00e4llig.<\/p><p><strong>4. R\u00fccktritt vor Beginn des Seminars\u00a0<\/strong><\/p><p>(1) Vor dem Beginn eines Seminars und wird dem\/der TeilnehmerIn ein R\u00fccktrittsrecht vom Vertrag einger\u00e4umt. Dieses R\u00fccktrittsrecht hat der\/die TeilnehmerIn sp\u00e4testens\u00a014 (vierzehn) Tage\u00a0vor Beginn des Seminars auszu\u00fcben.<\/p><p>(2) Es wird eine\u00a0Bearbeitungspauschale in H\u00f6he von 40,00 Euro erhoben. Sollte eine Raumanmietung nicht mehr r\u00fcckg\u00e4ngig zu machen sein, wird die Differenz vom\/von dem\/der TeilnehmerIn \u00fcbernommen.\u00a0Dem\/der TeilnehmerIn ist der Nachweis gestattet, dass der \u00a0\u00a0Architekturpsychologie-Seminare ein Schaden \u00fcberhaupt nicht oder wesentlich geringer als der Erstattungsbetrag entstanden ist.<\/p><p>(3) Nach Ablauf dieser Fristen ist das vertragliche R\u00fccktrittsrecht ausgeschlossen. Das Recht, nach den nachfolgenden Bestimmungen\u00a0zu k\u00fcndigen, bleibt unber\u00fchrt.<\/p><p>(4) Die R\u00fccktrittserkl\u00e4rung muss in Textform erfolgen und gegen\u00fcber der Architekturpsychologie-Seminare erkl\u00e4rt werden.<\/p><p>(5) Das Widerrufsrecht des\/der Teilnehmer\/s\/in bleibt unber\u00fchrt.<\/p><p><strong>5. K\u00fcndigung nach Beginn und w\u00e4hrend des Seminars<\/strong><\/p><p>(1) Bei den Seminaren \u00a0besteht keine Ku\u0308ndigungsm\u00f6glichkeit nach Beginn des Seminars. In diesem\u00a0Fall muss die Teilnahmegebu\u0308hr in voller H\u00f6he entrichtet werden.<\/p><p>(2)\u00a0F\u00fcr den Fall der K\u00fcndigung aus wichtigem Grund seitens der Architekturpsychologie-Seminare sind die bisherigen Seminarkosten anteilig, d.h. mindestens f\u00fcr\u00a0die Zeit der Seminar Teilnahme zu zahlen.<\/p><p>(3)\u00a0Bei Abschluss eines Ratenzahlungs- oder Stundungsvertrages f\u00fcr die Seminar Kosten ist bei einer form- und fristgem\u00e4\u00dfen K\u00fcndigung eine Kostenpauschale f\u00fcr den Ratenvertrag in H\u00f6he von 50,00 Euro, f\u00fcr den Stundungsvertrag in H\u00f6he von 40,00 Euro f\u00e4llig.<\/p><p>(4)\u00a0Jede K\u00fcndigung hat in Textform,\u00a0auch per Mail,\u00a0zu erfolgen.<\/p><p>(5)\u00a0Das Recht der Vertragsparteien zur au\u00dferordentlichen K\u00fcndigung aus wichtigem Grund bleibt unber\u00fchrt.<\/p><p align=\"center\">-2-<\/p><p>Seite 2 Allgemeine Teilnahmebedingungen der Architekturpsychologie-Seminare<\/p><p><strong>6. Absage und Terminverschiebungen von Seminaren durch die Architekturpsychologie-Seminare<\/strong><\/p><p>(1) Die Architekturpsychologie-Seminare beh\u00e4lt sich vor, Seminare bei Undurchf\u00fchrbarkeit aus wichtigem Grund\u00a0und, falls die Mindestanzahl von zwei TeilnehmerInnen nicht\u00a0erreicht wird,\u00a0abzusagen. In diesem Fall werden die TeilnehmerInnen unverz\u00fcglich benachrichtigt und bereits entrichtete Seminar Kosten zur\u00fcckerstattet.<\/p><p>Alternativ kann, nach Absprache, der\/die TeilnehmerIn im n\u00e4chsten Semester an den noch fehlenden Seminaren teilnehmen oder, gegen Aufpreis, ein individuelles\/r Exklusiv -Einzelseminar nach vorheriger Preisabsprache angeboten werden.<\/p><p>(2) Architekturpsychologie-Seminare beh\u00e4lt sich zudem vor, einzelne Seminar Termine zu verschieben, wenn sie aus dringenden Gr\u00fcnden nicht am\u00a0vorgesehenen Termin stattfinden k\u00f6nnen. Ein dringender Grund liegt insbesondere dann vor, wenn der\/die vorgesehene DozentIn der\u00a0Veranstaltung krankheitsbedingt absagt und kein\/e ad\u00e4quater ErsatzdozentIn gefunden werden kann oder eine politische Situation dies nicht zul\u00e4sst. Die TeilnehmerInnen werden hiervon\u00a0fr\u00fchestm\u00f6glich unterrichtet. Ein Schadenersatzanspruch besteht im Falle einer notwendigen Terminverschiebung nur hinsichtlich der\u00a0Erstattung nachweisbarer Stornokosten f\u00fcr Fahrt und Hotel, wenn ein Teilnehmer nicht rechtzeitig informiert werden konnte. Flug- und Hotelkosten werden nicht erstattet.<\/p><p>(3) Weitergehende Schadenersatzanspr\u00fcche aufgrund der Absage von Seminaren oder Terminverschiebungen sind ausdr\u00fccklich\u00a0ausgeschlossen.<\/p><p><strong>7.\u00a0Seminar-Unterlagen<\/strong><\/p><p>(1) Es besteht kein Anspruch auf Seminar-Unterlagen und Skripte, es sei denn, diese sind verbindlich in den Beschreibungen\u00a0angek\u00fcndigt, von dem\/der TeilnehmerIn bezahlt und damit Bestandteil des Angebots.<\/p><p>(2) Dar\u00fcber hinaus sind Seminar-Unterlagen und Skripte ausschlie\u00dflich zum pers\u00f6nlichen Gebrauch des\/der Teilnehmer\/s\/in bestimmt. Alle Rechte, auch die der \u00dcbersetzung und des Nachdrucks oder Vervielf\u00e4ltigung der Seminar Unterlagen und Skripte oder Teilen hiervon, bleiben bei der Architekturpsychologie-Seminare. Jede Art der Vervielf\u00e4ltigung und Verbreitung bedarf der vorherigen schriftlichen Zustimmung der Architekturpsychologie-Seminare.<\/p><p><strong>8. Haftung der Architekturpsychologie-Seminare<\/strong><\/p><p>(1) Die Haftung der Architekturpsychologie-Seminare f\u00fcr Sch\u00e4den des\/der Seminar- Teilnehmer\/s\/in aufgrund fehlerhafter Leistungen, erteilter Ausk\u00fcnfte und Beratungen sind ausgeschlossen. Dies gilt nicht f\u00fcr den Fall von grober Fahrl\u00e4ssigkeit, des Vorsatzes oder bei Sch\u00e4den an Gesundheit, k\u00f6rperlicher Unversehrtheit oder Leben sowie nach dem Produkthaftungsgesetz.<\/p><p>(2) Die Architekturpsychologie-Seminare haftet vor und w\u00e4hrend der Seminare nicht bei Unf\u00e4llen der TeilnehmerInnen und f\u00fcr Besch\u00e4digungen, Verlust oder Diebstahl mitgebrachter Gegenst\u00e4nde. Dies gilt nicht bei Vorsatz und grober Fahrl\u00e4ssigkeit.<\/p><p><strong>9. Gerichtsstand, Erf\u00fcllungsort und Schlussbestimmung<\/strong><\/p><p>(1) Erf\u00fcllungsort f\u00fcr die von der Architekturpsychologie-Seminare geschuldeten Seminar-Leistungen ist der von derArchitekturpsychologie-Seminare hierf\u00fcr ausgew\u00e4hlte Veranstaltungsort.<\/p><p>(2) Sofern es sich bei dem\/der TeilnehmerIn um eine\/n Kauffrau\/mann, eine juristische Person des \u00f6ffentlichen Rechts oder um ein\u00a0\u00f6ffentlich-rechtliches Sonderverm\u00f6gen handelt, ist Gerichtsstand f\u00fcr alle Streitigkeiten aus Vertragsverh\u00e4ltnissen zwischen dem\/der\u00a0TeilnehmerIn und der Architekturpsychologie-Seminare Starnberg.<\/p><p>(3) Sollten einzelne Bestimmungen dieser Vertragsbedingungen ganz oder teilweise unwirksam bzw. undurchf\u00fchrbar sein oder ihre\u00a0Wirksamkeit oder Durchf\u00fchrbarkeit sp\u00e4ter verlieren, so wird hierdurch die G\u00fcltigkeit dieses Vertrages im \u00dcbrigen nicht ber\u00fchrt.<\/p><p>Die Europ\u00e4ische Kommission stellt eine Plattform zur Online-Streitbeilegung (OS) bereit, die Sie hier finden<\/p><p>http:\/\/ec.europa.eu\/consumers\/odr\/. Verbraucher haben die M\u00f6glichkeit, diese Plattform f\u00fcr die Beilegung ihrer Streitigkeiten zu nutzen.<\/p><p>Wir m\u00f6chten Sie dar\u00fcber in Kenntnis setzen, dass wir nicht an Streitbeilegungsverfahren vor einer Verbraucherschlichtungsstelle teilnehmen und hierzu auch nicht verpflichtet sind.<\/p><\/div><div><div>\u00a0<\/div><\/div>\t\t\t\t\t\t<\/div>\n\t\t\t\t<\/div>\n\t\t\t\t\t<\/div>\n\t\t<\/div>\n\t\t\t\t\t\t\t<\/div>\n\t\t<\/section>\n\t\t\t\t\t\t\t<\/div>\n\t\t","protected":false},"excerpt":{"rendered":"<p>A N M E L D U N G\u00a0ARCHITEKTUR PSYCHOLOGIE SEMINARE www.architekturpsychologie.net info@architekturpsychologie.net +49 171 757 65 63 Bitte Formular [&hellip;]<\/p>\n","protected":false},"author":1,"featured_media":0,"parent":144,"menu_order":2,"comment_status":"closed","ping_status":"closed","template":"","meta":{"kt_blocks_editor_width":"","spay_email":""},"aioseo_notices":[],"_links":{"self":[{"href":"https:\/\/architekturpsychologie.net\/index.php?rest_route=\/wp\/v2\/pages\/2430"}],"collection":[{"href":"https:\/\/architekturpsychologie.net\/index.php?rest_route=\/wp\/v2\/pages"}],"about":[{"href":"https:\/\/architekturpsychologie.net\/index.php?rest_route=\/wp\/v2\/types\/page"}],"author":[{"embeddable":true,"href":"https:\/\/architekturpsychologie.net\/index.php?rest_route=\/wp\/v2\/users\/1"}],"replies":[{"embeddable":true,"href":"https:\/\/architekturpsychologie.net\/index.php?rest_route=%2Fwp%2Fv2%2Fcomments&post=2430"}],"version-history":[{"count":235,"href":"https:\/\/architekturpsychologie.net\/index.php?rest_route=\/wp\/v2\/pages\/2430\/revisions"}],"predecessor-version":[{"id":6137,"href":"https:\/\/architekturpsychologie.net\/index.php?rest_route=\/wp\/v2\/pages\/2430\/revisions\/6137"}],"up":[{"embeddable":true,"href":"https:\/\/architekturpsychologie.net\/index.php?rest_route=\/wp\/v2\/pages\/144"}],"wp:attachment":[{"href":"https:\/\/architekturpsychologie.net\/index.php?rest_route=%2Fwp%2Fv2%2Fmedia&parent=2430"}],"curies":[{"name":"wp","href":"https:\/\/api.w.org\/{rel}","templated":true}]}}